8. Let s be k(-8). What is the hundreds digit of (-3)/(-5) + (-1566)/s?
1
Let q = 547 - -734. Suppose 5*m + 4*l = q, -4*l = 3 - 19. What is the tens digit of m?
5
Let u be (-3304)/3 + 19/((-342)/12). Let r = -167 - u. What is the hundreds digit of r?
9
Let j be (-105260)/(-90) - 4/(-9). Suppose -4*k = t - j, -1475 = 6*k - 11*k + 5*t. What is the tens digit of k?
9
Let n be 0 - 2*(-1)/(-1). Let x be n - (11/2)/((-4)/16). Suppose x*t + 584 = 24*t. What is the hundreds digit of t?
1
Let z = -115 + 109. Let f be 10/z + (-5)/15. What is the units digit of 1208/16*(-4)/f?
1
Let l = 130 + -126. Let n(i) = -14*i + 7*i**2 + 2*i**3 - 3*i**3 + 15*i. What is the units digit of n(l)?
2
Suppose 2*r - 27 = -7*r. Let l(n) = 5*n - 5*n - 2*n**r - 6*n**2 - 2*n + 3 + 3*n. What is the units digit of l(-5)?
8
Let o be ((-100)/(-90))/((-2)/(-3))*3. Suppose -3*f = -o*r - 788, r + 1301 = 5*f + 5*r. Suppose 2*c - 133 = f. What is the hundreds digit of c?
1
Suppose 3*j - 5*x - 129359 = 0, -16977 = -j + 3*x + 26148. What is the tens digit of j?
1
What is the tens digit of (155/(-217)*(-23334)/(-5))/((-12)/56)?
5
Let h(m) = m**2 - 18*m + 74. Let i be h(12). Suppose -3803 = -x - p, 2*x - 4*p = -i*x + 15172. What is the tens digit of 185/65 + -3 + x/13?
9
Suppose -1 = 4*i - 2*a - 3, i - 4*a = -3. Let r be 18 - (i + 4/4). What is the units digit of 3/((-42)/(-752)) + r/56?
4
Suppose 42*x - 46*x - 4*n + 114828 = 0, -3*x + 86146 = 8*n. What is the units digit of x?
2
Suppose -2022 - 49621 = -5*l + 4*t, -3*t = -5*l + 51646. What is the ten thousands digit of l?
1
Let b(y) = -y**2 + 138 + 303*y - 154*y - 157*y. What is the units digit of b(-13)?
3
Suppose 3*j - 20 = -7*j. Suppose -3*b + 28 = j*o, -14 - 22 = -o + 4*b. What is the units digit of o?
0
Suppose 30*q + 168 = -6732. Let g = q + 662. What is the hundreds digit of g?
4
Let t = -1783 + 16507. What is the thousands digit of t?
4
Suppose -10*k + 116 - 896 = 0. Suppose 4*v - 8*v = 344. Let h = k - v. What is the units digit of h?
8
Let n(x) = -240*x**3 + 8*x**2 + 14*x - 7. Let c be n(-3). Suppose -19043 + c = -10*u. What is the thousands digit of u?
1
Let o = 208 + -177. Suppose -12*r = -o*r + 2698. What is the units digit of r?
2
Let n(g) = -183*g - 17. Suppose 0 = -5*s + 10. Let x be n(s). Let m = x + 647. What is the tens digit of m?
6
Let w be -1 - (-43190)/49 - 9/21. Suppose 35*v - w = 24*v. What is the units digit of v?
0
Let u be (2/6)/(4/(-9948)). Let v = 1484 + u. What is the tens digit of v?
5
Let k(a) = -2*a**3 + 15*a**2 + 57*a + 408. What is the hundreds digit of k(-17)?
6
Suppose -18*h + 65 = -17*h. Let d = 67 - h. Suppose d*m = 144 + 10. What is the tens digit of m?
7
Suppose -5*u - 3180 = -5*v, 1888 = 3*v + 2*u - 0*u. Let f = v - 609. What is the units digit of f?
3
Suppose f - 4*g = 6*f - 73, -2*f + 36 = 5*g. Suppose 0*i - 2*i = -4*n + 200, i = -n + 47. Let c = n - f. What is the units digit of c?
6
Let m = 5589 + -4050. What is the tens digit of m?
3
Suppose 269*f - 216*f = 195411. What is the hundreds digit of f?
6
Let b(h) be the first derivative of h**4/4 - 2*h**3 + h**2 - 8*h - 7. Let m be b(6). Suppose -m*c + 2*c + 138 = 0. What is the tens digit of c?
6
Suppose -2*g + 4598 = 4*o + 3*g, -5*o + 5758 = g. Suppose 0 = 3*t - o + 270. What is the tens digit of t?
9
Let c = 200 - 192. Let l be ((-2)/3)/((-750)/126 - -6). What is the units digit of (-1855)/l + (-20)/c?
0
Suppose 61*p - 60302 + 238178 = 0. Let x = p - -4696. What is the hundreds digit of x?
7
What is the hundreds digit of (-160)/(-96)*(-7692)/(-5)?
5
Let h(j) = j**3 + 6*j**2 - 18*j - 4. Let c be h(-8). What is the units digit of (4907 - -1)/c - (-4 - 0)?
3
Let s(t) be the first derivative of t**4/4 - 3*t**3 - 13*t**2 - 19*t + 39. What is the hundreds digit of s(15)?
9
Suppose -3*c = f - 16, -c - f + 2 = -4*f. Suppose -4*y = 5 - c. Let z(n) = -n**2 - 2*n + 33. What is the units digit of z(y)?
3
Suppose 5*r = -b + 1, -7*b + 4 = -3*b + r. What is the tens digit of (-376 + b)/(1/(-4)*6)?
5
Let u(c) = -c**3 - 2*c**2 - 95*c + 25. What is the hundreds digit of u(-23)?
3
Let u = 11061 - 5793. What is the thousands digit of u?
5
Suppose -y + 405 = 4*d, 5*d - 53 = 3*y + 432. Let b = -43 + d. Let a = b + -19. What is the tens digit of a?
3
Suppose -2*k = -r - 4*k + 7192, 4*k + 35946 = 5*r. Suppose 11*s = s + r. What is the tens digit of s?
1
Let n(f) = -24*f + 39. Let y(l) = 23*l - 36. Let u(g) = -6*n(g) - 5*y(g). What is the hundreds digit of u(8)?
1
Let i = -261 - 132. Let q = -186 - i. What is the units digit of q?
7
Let x be (-15)/21 + (-120)/(-21) + -6. What is the units digit of ((x - -33)/(-1))/(4/(-16))?
8
Let s = -44 + 52. Suppose -5*c + 2578 = 2*n, 2*c + s - 12 = 0. What is the thousands digit of n?
1
Let i(z) = -3*z**2 - 18*z + 4. Let l be i(-6). Let g(j) = j**2 - 2*j - 6. Let c be g(l). Suppose 0 = b - c*b + 59. What is the units digit of b?
9
Suppose 0 = -3*v - 2*v + 35455. What is the hundreds digit of v/28 - (-1)/(-4)?
2
Let p(f) = -2*f**2 - 239*f - 37. What is the tens digit of p(-27)?
5
Suppose 0 = -4*w + 2*s + 32938, -2*s + 5 = -1. What is the tens digit of w/12 + (-5)/45*3?
8
What is the ten thousands digit of 5*(-37844)/50*-5?
1
Suppose 3*g = -7*a + 3*a - 105, -a - 3*g - 15 = 0. What is the tens digit of 2*(4/(-6) + (-9440)/a)?
2
Let v(i) be the second derivative of -95*i**3/6 - 19*i**2/2 - 72*i. What is the hundreds digit of v(-2)?
1
Suppose 32302 = 2*f - 1474. What is the hundreds digit of f?
8
Suppose 338 + 140 = 3*g + 2*j, 0 = -2*g - 5*j + 326. Let r be (-2 + -199)*10/30. Let u = g + r. What is the tens digit of u?
9
Let t(y) be the second derivative of 41/2*y**2 - 22*y + 0 - 4*y**3. What is the tens digit of t(-8)?
3
Suppose -3*h + 5*i = -19999, 26642 = 4*h + 38*i - 33*i. What is the tens digit of h?
6
Let g = -1911 - -2196. Let m be 4/14 - (-2)/(-7). Suppose m*u + g = 3*u. What is the units digit of u?
5
Let t(u) = -u**3 + u**2 + 2*u + 44. Suppose 5*q + 8*q - q = 0. What is the tens digit of t(q)?
4
Let n(q) = -q. Let y(z) = z**3 - 4*z**2 - 14*z - 8. Let b(m) = 6*n(m) + y(m). Let r be b(7). What is the units digit of (r*4/(-4))/1*42?
2
Suppose -4*h = -0*h - 4416. Suppose -n - h = -7*n. Suppose p = -5*g + 413, 4*g + p = n + 146. What is the tens digit of g?
8
Suppose -2*s - 94 = -5*g, 27*g + 74 = 31*g - 2*s. Suppose 4*h + 172 = i, 6*h = -4*i + 2*h + 668. Suppose 19*t - g*t + i = 0. What is the units digit of t?
8
Suppose -4*s - 4*v = -728, 6*v = -s + 4*v + 177. Suppose -r + s = -661. What is the tens digit of r?
4
Let b = -375 - -368. What is the hundreds digit of ((-16)/(-32))/((b/(-1814))/7)?
9
Let n(t) = 280*t**2 + 1102*t. What is the tens digit of n(7)?
3
What is the tens digit of -3 + 46861 - (-1 - 25 - -16)?
6
Let d(g) = -g**3 + 39*g**2 - 15*g - 268. What is the tens digit of d(22)?
3
Let g = 163 - 161. Suppose 7*w - 3*w = -4, -2*w + 1086 = g*o. What is the units digit of o?
4
Suppose 2476611 = 49*l - 260725. What is the units digit of l?
4
Let r(u) = 40*u**2 + 40*u**2 + 3*u - 2*u**2 - 50 + 59 - 11*u**2. What is the tens digit of r(-3)?
0
Let r be 1 - (-9)/(-4)*128/(-48). Let v = r - 4. Suppose 4*n - 191 = -w + 115, 0 = n - v*w - 70. What is the tens digit of n?
7
Let q be (-2 - -292)/(-5) + 5. Let i = -55 - q. Let s(x) = -79*x + 12. What is the tens digit of s(i)?
7
Let c be (2 + -67)*(-15)/25. Suppose -45*l + 1884 = -c*l. What is the hundreds digit of l?
3
Let p = 35 - 19. What is the units digit of (6751/86)/(2/p)?
8
Let h(w) = -7*w - 40. Let f be h(-6). Suppose -k - 267 = 7*d - 8*d, 0 = d + f*k - 279. What is the units digit of d?
1
Let a = -624 + 10490. What is the units digit of a?
6
Let v(f) = -49*f - 1263. What is the units digit of v(-58)?
9
Let v be 159 - (6/12 + (-6)/4). Suppose 0 = -2*m - j + v + 1168, 2*j = 2*m - 1328. What is the units digit of m?
4
Let k(v) = -384*v**3 + 14*v**2 - 13*v - 23. What is the hundreds digit of k(-2)?
1
Let d be 4 - ((-8)/12)/((-1)/3). Let x = 32 + d. What is the units digit of x?
4
Let z(s) = -9*s**3 + 15*s**2 + 9*s + 6. Let l(f) = 16*f**3 - 29*f**2 - 17*f - 14. Let q(y) = -4*l(y) - 7*z(y). What is the tens digit of q(11)?
6
Suppose -3*x - 4*r = -37784, -x + 320*r - 322*r + 12598 = 0. What is the ten thousands digit of x?
1
Let f(h) = 2*h**3 - 7*h**2 - 16*h - 36. Let b be f(9).